13 + 3?
340434121
In base 9, what is -6 - -252208?
252202
In base 15, what is -1 + -59635?
-59636
In base 10, what is 1 - -43004?
43005
In base 15, what is 85be + 18?
85d7
In base 14, what is -1 + 1d1b5?
1d1b4
In base 9, what is -3053 - 6?
-3060
In base 4, what is 203331202 - 22?
203331120
In base 4, what is 301323 - 312?
301011
In base 16, what is -1 - 4101?
-4102
In base 11, what is -5 - 171176?
-171180
In base 11, what is 49525 + 5?
4952a
In base 15, what is -2dd - -c94?
9a6
In base 2, what is 101101111100 + -10110010?
101011001010
In base 12, what is 5 + 3723?
3728
In base 2, what is -10111011 + -1001000110?
-1100000001
In base 12, what is -6 - 107aa?
-107b4
In base 13, what is 124 - -53?
177
In base 8, what is -152 - -5226?
5054
In base 2, what is 1011000010 - 10000010?
1001000000
In base 11, what is 569 - 583?
-15
In base 4, what is -3 - -13321321?
13321312
In base 12, what is 21a32 + -5?
21a29
In base 8, what is 43 + -10402?
-10337
In base 13, what is -3 - 129911?
-129914
In base 9, what is -23 - 4333?
-4356
In base 12, what is 2 + 530091?
530093
In base 5, what is -12142333 - -3?
-12142330
In base 11, what is -54 + -12492?
-12536
In base 10, what is 2228 - 222?
2006
In base 13, what is 40115 - -4?
40119
In base 5, what is -11323 + 3443?
-2330
In base 11, what is -468 - 167?
-624
In base 6, what is 4442 + -5331?
-445
In base 10, what is 21 - 15764?
-15743
In base 3, what is -101012102 - 200?
-101020002
In base 4, what is 1 - 203310011?
-203310010
In base 8, what is 24040 - 2?
24036
In base 10, what is 1 + 379949?
379950
In base 12, what is -245 + -25?
-26a
In base 12, what is bb5 + 208?
1201
In base 4, what is -1 + 102302023?
102302022
In base 13, what is -11844 + 1?
-11843
In base 7, what is 600 - 4222?
-3322
In base 3, what is -11 - 21100000022?
-21100000110
In base 13, what is 5 - -bc252?
bc257
In base 2, what is -101 + 101001010101110?
101001010101001
In base 8, what is 1 + -31166?
-31165
In base 16, what is -19725 + -d?
-19732
In base 16, what is 2d + -1b524?
-1b4f7
In base 8, what is -5 + -42206?
-42213
In base 15, what is 2c59 - 5?
2c54
In base 15, what is -50 + -1a9?
-209
In base 7, what is -2322440 + 12?
-2322425
In base 12, what is -238572 + 2?
-238570
In base 2, what is 100010010011001001 - -1000?
100010010011010001
In base 4, what is 1202 - -1023?
2231
In base 8, what is -2144 + 106?
-2036
In base 14, what is 2 - 147a?
-1478
In base 14, what is 22dd - -60?
235d
In base 5, what is 3244 + 230?
4024
In base 10, what is -4 + 20195?
20191
In base 15, what is -16133 - 1?
-16134
In base 7, what is -223541 - 5?
-223546
In base 2, what is -1 - -1100001101101011?
1100001101101010
In base 7, what is -1144 - -4251?
3104
In base 2, what is -100 - 111001011100111100?
-111001011101000000
In base 2, what is -10001110010 + -1000101100?
-11010011110
In base 11, what is 121 - -931?
a52
In base 12, what is -4 - 8624?
-8628
In base 5, what is -143230 - 11042?
-204322
In base 5, what is 1321 + -3333?
-2012
In base 9, what is 4376 - -6?
4383
In base 4, what is -101 - 1100312?
-1101013
In base 8, what is 51 + 147267?
147340
In base 7, what is -120463 - -30?
-120433
In base 10, what is 951479 + 1?
951480
In base 9, what is 13 + 181078?
181102
In base 3, what is 2 + 1110211020120?
1110211020122
In base 15, what is 9 - 12e1?
-12d7
In base 6, what is 1113 - 201?
512
In base 2, what is -100 - 10110001000011000?
-10110001000011100
In base 2, what is 11010011100100110 + 100?
11010011100101010
In base 2, what is -11011011100 + 10000?
-11011001100
In base 12, what is -359 - 2618?
-2975
In base 7, what is 0 - -130346?
130346
In base 11, what is 49 + -839?
-7a0
In base 7, what is 4223555 - -3?
4223561
In base 6, what is 422 + -351?
31
In base 15, what is -57928 - 9?
-57932
In base 10, what is -29 + 165?
136
In base 7, what is 2342 + -52?
2260
In base 2, what is 111100110000100010111 + 10?
111100110000100011001
In base 13, what is 7 + 49a0?
49a7
In base 3, what is 2211011121 + -20?
2211011101
In base 3, what is -112 - 100001221?
-100002110
In base 16, what is 9 - 3ad?
-3a4
In base 4, what is -22230033033 + -1?
-22230033100
In base 14, what is 1631 + 1c?
164d
In base 16, what is b82f + -3?
b82c
In base 11, what is 247 - -1467?
1703
In base 13, what is 32 - -265?
297
In base 16, what is 3a02 + -7?
39fb
In base 4, what is -13313203111 + -2?
-13313203113
In base 7, what is 45233 + 354?
45620
In base 16, what is 8 - -55d4?
55dc
In base 5, what is 42232 - 0?
42232
In base 14, what is -5ac + -c1?
-68d
In base 13, what is -2 - -103ac6?
103ac4
In base 5, what is -243332 + -20?
-243402
In base 7, what is -20510 - -25?
-20452
In base 12, what is -91 - -96?
5
In base 12, what is -834 + 22?
-812
In base 14, what is 30 + -4?
2a
In base 8, what is -1174743 + -3?
-1174746
In base 16, what is 2aad0 + 4?
2aad4
In base 12, what is 34 - 317a?
-3146
In base 9, what is -5 - 5728?
-5734
In base 7, what is -141111 + 4?
-141104
In base 11, what is -147855 + 17?
-147839
In base 9, what is -576464 - 5?
-576470
In base 3, what is 11100221 - -10?
11101001
In base 14, what is 21b3 + 35?
2208
In base 7, what is 3 + 326465?
326501
In base 15, what is 147 - -37?
17e
In base 9, what is 143580 - -17?
143607
In base 6, what is 31421 - -3?
31424
In base 7, what is 1445 - 66?
1346
In base 10, what is 4149 + -6?
4143
In base 3, what is -1002 - -11112120?
11111111
In base 5, what is 4101 + 10?
4111
In base 8, what is 6 - -4611?
4617
In base 13, what is -8 - 9c89?
-9c94
In base 12, what is -7814 + 7?
-7809
In base 12, what is -270 - -96?
-196
In base 14, what is -37 - 216d?
-21a6
In base 7, what is -41341 + 16?
-41322
In base 11, what is -3 + 146421?
146419
In base 9, what is 103 + 422?
525
In base 13, what is -3ba24 + -3?
-3ba27
In base 9, what is -237146 - 1?
-237147
In base 10, what is -5 + 9108?
9103
In base 13, what is -b + -c7c9?
-c807
In base 7, what is 5 + -6651305?
-6651300
In base 6, what is -423 - -12215?
11352
In base 13, what is -12c8 - 210?
-1508
In base 15, what is 8978 - 0?
8978
In base 13, what is -1067b - 1?
-1067c
In base 2, what is -1 - -1010010111011000110?
1010010111011000101
In base 2, what is -10100001 - 100111001?
-111011010
In base 15, what is a0be35 - 0?
a0be35
In base 11, what is -600a + -3?
-6012
In base 14, what is -c8 - a5?
-18d
In base 5, what is -1 - -12130120?
12130114
In base 14, what is -5ba + 34?
-586
In base 10, what is 11 + 3125?
3136
In base 5, what is -11242 - 1?
-11243
In base 4, what is 13 + -213103?
-213030
In base 7, what is 13453 - -53?
13536
In base 4, what is -31 - -100311022?
100310331
In base 14, what is -46cdc4 - -4?
-46cdc0
In base 9, what is 2525 + -205?
2320
In base 13, what is -120b - 3?
-1211
In base 4, what is -11022 - 10330?
-22012
In base 8, what is -4445750 + -2?
-4445752
In base 9, what is 15782 + 1?
15783
In base 12, what is 32 + -3338?
-3306
In base 2, what is 11111011110010110 + -10?
11111011110010100
In base 16, what is 69 + 26e1?
274a
In base 14, what is 2bc2 - -b2?
2c94
In base 8, what is 1571 + 2511?
4302
In base 10, what is -466 + 62?
-404
In base 3, what is 101111021 - 11?
101111010
In base 14, what is 133 + -107?
2a
In base 14, what is -2b2c + -49?
-2b77
In base 15, what is -2 - -cd?
cb
In base 8, what is -60075 - 1?
-60076
In base 11, what is 6 + -2a031?
-2a026
In base 11, what is -1176077 - 4?
-1176080
In base 12, what is 3232 - -55?
3287
In base 16, what is -65 + -9c?
-101
In base 9, what is 58 - 340?
-271
In base 9, what is 73870 + 5?
73875
In base 6, what is 450 - 304?
142
In base 9, what is 1 + -16421?
-16420
In base 10, what is -16 + 3735?
3719
In base 4, what is 100 - 130023?
-123323
In base 3, what is 2120002110 + -12?
2120002021
In base 7, what is -3432 + -6?
-3441
In base 13, what is -4895 + 7?
-488b
In base 10, what is 11974360 - 3?
11974357
In base 15, what is 174d - a0?
169d
In base 12, what is -2 - -1170?
116a
In base 2, what is -10 - 11101001010000?
-11101001010010
In base 11, what is 691a - -18?
6937
In base 16, what is 1045 - -2d?
1072
In base 14, what is -2a43 + -26?
-2a69
In base 7, what is 542031 - 10?
542021
In base 4, what is -2033 - -21130?
13031
In base 13, what is 276b09 - 2?
276b07
In base 3, what is -101 - -1101121110?
1101121002
In base 8, what is 622 - -6273?
7115
In base 12, what is 481 + -2a9?
